{"id":30,"date":"2023-09-14T19:58:03","date_gmt":"2023-09-14T19:58:03","guid":{"rendered":"https:\/\/multicat.ung.si\/?page_id=30"},"modified":"2025-04-06T19:46:07","modified_gmt":"2025-04-06T19:46:07","slug":"dissemination-activities","status":"publish","type":"page","link":"https:\/\/multicat.ung.si\/?page_id=30","title":{"rendered":"Dissemination activities"},"content":{"rendered":"\n<hr class=\"wp-block-separator has-alpha-channel-opacity\"\/>\n\n\n\n<p>List of selected conference and seminars<\/p>\n\n\n\n<ol class=\"wp-block-list\">\n<li>Eder Dominik \u201c<em>Metal-Organic Frameworks (MOFs) as Next-Generation Photocatalysts<\/em>\u201d, International Conference on Functional Nanomaterials and Nanodevices (NANOMAT 2024), 25 \u2013 28-08 2024, Vienna, Austria.<\/li>\n\n\n\n<li>D. Eder, \u201c<em>Metal-Organic Frameworks (MOFs) as Next-Generation Photocatalysts<\/em>\u201d, Kitagawa Group Seminar 2 August 2024, Kyoto, Japan.<\/li>\n\n\n\n<li>D. Eder, S. Naghdi, J. Wang, P. Ayala, A. Cherevan, \u201c<em>Selective Ligand Removal as a Powerful Strategy Towards Advanced Photocatalysis<\/em>\u201d, 24<sup>th<\/sup> International Conference on Photochemical Conversion and Storage of Solar Energy (IPS-24), 28 Jul \u2013 2 August 2024, Hiroshima, Japan.<\/li>\n\n\n\n<li>D. Eder, \u201c<em>Metal-Organic Frameworks in Photocatalysis<\/em>\u201d, 3<sup>rd<\/sup> Symposium on Materials Chemistry for New Properties and Functions, 25 \u2013 26 July 2024, Tokyo, Japan.<\/li>\n\n\n\n<li>Z.Huang, \u201c<em>Ligand Engineering in ZIF-based electrocatalysts<\/em>\u201d, 9th International Conference on Metal-Organic Frameworks and Open Framework Compounds (MOF2024, 15-19 July 2024, Singapore.<\/li>\n\n\n\n<li>D. Eder, \u201c<em>Introduction on Photocatalysis<\/em>\u201d, PMWS Summer School, 10 July 2024, Graz, Austria.<\/li>\n\n\n\n<li>D. Eder, \u201cMetal-Organic Frameworks (MOFs) as Next-Generation Photocatalysts\u201d, 27<sup>th<\/sup> International Conference on Semiconductor Photocatalysis and Solar Energy Conversion &amp; 28<sup>th<\/sup> International Conference on Advanced Oxidation Technologies for Treatment of Water, Air and Soil (SPASEC-28 and AOTs-28), 11-14 June 2024, Limassol, Cyprus.<\/li>\n\n\n\n<li>Z. Huang, S. Naghdi, D. Eder, \u201c<em>Porous Materials in Energy Science<\/em>\u201d, Thomas Bein Symposium, 29 to 31 May 2024, Munich, German.<\/li>\n\n\n\n<li>D. Eder, \u201c<em>Metal-Organic Frameworks (MOFs) as Next-Generation Photocatalysts<\/em>\u201d, Institute Seminar at the University of Salzburg, Institute of Chemistry and Physics of Materials, 14 May 2024, Salzburg, Austria<\/li>\n\n\n\n<li>D. Eder, \u201c<em>Selective Ligand Removal as a Powerful Strategy Towards Advanced Photocatalysis\u201d, Institute Seminar<\/em>, University of Graz, ICTM, 21. April 2024, Graz, Austria.<\/li>\n\n\n\n<li>D. Eder, \u201cMolecular Materials Chemistry, Symposium des MPI Stuttgart (Plenary Speaker, Schloss Ringberg am Tegernsee, Germany, 11 April 2024.<\/li>\n\n\n\n<li>D. Eder, <em>Metal-Organic Frameworks as next-generation photocatalysts,<\/em> 37<sup>th<\/sup> Workshop on Chemistry and Physics of Novel Materials, 4-9 February 2024, Schladming, Austria.<\/li>\n\n\n\n<li>S. Naghdi, <em>Innovative strategies to overcome diffusion limitation and water stability challenges in Metal-Organic Frameworks for enhanced environmental applications,<\/em> 8th Annual Nanotechnology Conference (Nanomat 2024) \u2013 26-28 Aug. 2024, Vienna, Austria.<\/li>\n\n\n\n<li>S.Naghdi, <em>Enhancing the Pore Structure of Metal-Organic Frameworks for Improved Water treatment Efficiency, <\/em>Materials Science &amp; Nanotechnology \u2013 16-16 Jul. 2024, Vienna, Austria<\/li>\n\n\n\n<li>Z. Huang, S. Naghdi, D. Eder, <em>Selective Ligand Removal as a Powerful Strategy Towards Advanced Photocatalysis,<\/em> 5th European Conference on Metal Organic Frameworks and Porous Polymers (EUROMOF 2023), 24 to 27 September 2023, Granada, Spain<\/li>\n\n\n\n<li>D. Eder, <em>Metal-Organic Frameworks as Next-generation photocatalysts<\/em>, 5<sup>th<\/sup> International Conference on Functional Nanomaterials and Nanodevices (NANOMAT 2023), 28 \u2013 30 August 2023, Warsaw, Poland.<\/li>\n\n\n\n<li>D. Eder, <em>Selective Ligand Removal as a Powerful Strategy Towards Advanced Photocatalysis<\/em>, 1<sup>st<\/sup> Mediterranean Conference on Porous Materials (MEDPORE 2023), 17-19 May 2023, Crete, Greece.<\/li>\n\n\n\n<li>S. Naghdi, Highly water-stable Cu-based metal-organic frameworks for efficient adsorption of nitrate from aqueous solutions, 1st Mediterranean Conference on Porous Materials (MEDPore)\u2013 17-19 May. 2023, Crete, Greece.<\/li>\n\n\n\n<li>D. Eder, <em>Metal-Organic Frameworks as Next-generation photocatalysts<\/em>, 4th International Congress on Advanced Materials Sciences and Engineering (AMSE 2023), Vienna, Austria,<\/li>\n\n\n\n<li>D. Eder, Session on Energy Conversion and Storage Materials, International Conference on Functional Nanomaterials and Nanodevices (NANOMAT 2022), 5-7 September 2022Bratislava, Slovakia.<\/li>\n\n\n\n<li>S. Naghdi, A. Cherevan, A. Giesriegl, R. Guillet-Nicolas, T. Gupta, J. Wang, T. Haunold, B. Bayer-Skoff, G. Rupprechter, M. Caspary Toroker, F. Kleitz, D. Eder, <em>Selective ligand removal as a powerful strategy towards advanced photocatalysts<\/em>, 44<sup>th<\/sup> International Conference on Coordination Chemistry (ICCC 2022), 28 August \u2013 2 September 2022, Rimini, Italy.<\/li>\n\n\n\n<li>S. Naghdi, <em>Water purification by metal-organic frameworks utilizing selective ligand removal strategy,<\/em> 44th International Conference on Coordination Chemistry (ICCC 2022)\u2013 28 August \u2013 2 September 2022, Rimini, Italy<\/li>\n\n\n\n<li>S.Naghdi, <em>Improved Accessibility of Active Sites in Hierarchical MOFs by Selective Ligand Removal for Advancing Heterogeneous Photocatalysis<\/em>, 6th International Conference on Multifunctional, Hybrid and Nanomaterials \u2013 11-15 Mar. 2019, Sitges, Spain.<\/li>\n\n\n\n<li>P.J. Kulesza, I.A. Rutkowska, A. Kostuch, C. Janiszewska, <em>Designing and optimization of low- Pt-content-electrocatalysts for oxygen reduction<\/em>, International Conference on Functional Nanomaterials and Nanodevices, September 5-7, 2022, Bratislava, Slovakia, &#8211; <em>invited lecture<\/em><\/li>\n\n\n\n<li>I.A. Rutkowska, M. Krech, Y. Sato, K. Brzozowska, P.J. Kulesza, <em>Prussian-Blue Type Cobalt Hexacyanoferrate Overlayers As Cocatalytic Components for Oxygen Evolution during Water Electrolysis in Acid Medium<\/em>, 242nd ECS Meeting, October 9-13, 2022, Atlanta, USA \u2013 <em>invited lecture<\/em><\/li>\n\n\n\n<li>P.J. Kulesza, <em>Electrocatalytic Activity of Surface Cobalt Oxo-Species in Polynuclear Mixed-Metal Co-Fe Cyanides and Co-Ce Oxides toward Acidic Oxygen Evolution<\/em>, International Conference on Functional Nanomaterials and Nanodevices, August 25-28 2023, Warsaw, Poland \u2013 <em>Keynote lecture<\/em><\/li>\n\n\n\n<li>P.J. Kulesza, Toward Enhancement of Activity of Low-Pt-Content-Electrocatalysts for Oxygen Reduction, EuropaCat August 27 \u2013 September 1 2023, Prague, Czech Republic \u2013 <em>invited lecture<\/em><\/li>\n\n\n\n<li>P.J. Kulesza, A. Kostuch, A, Chmielnicka, I.A. Rutkowska, <em>Consideration of functionalized metal-oxide-additives to enhance activity of low-Pt-content-catalysts during oxygen reduction<\/em>, International Conference on Functional Nanomaterials and Nanodevices, Vienna, Austria, 26th August 2024 \u2013 <em>invited lecture<\/em><\/li>\n\n\n\n<li>P.J. Kulesza, I. A. Rutkowska, <em>Hybrid Materials of Defined Structure and Catalytic Activity: Electroreduction of Inert Inorganic Molecules<\/em>, lecture at Department of Chemistry, University of Texas at Arlington, November 8th, 2024.<\/li>\n\n\n\n<li>Saim Emin, Takwa Chouki, Manel Machreki, <em>In situ treatment of organic pollutants in water using photoelectrocatalysis<\/em>, The 6th International Conference on New Photocatalytic Materials for Environment, Energy and Sustainability, National Institute of Chemistry, Ljubljana, Slovenia, April 4-6, 2022. (Invited talk)<\/li>\n\n\n\n<li>Saim Emin, <em>Colloidal Metal Nanoparticles as a Source for the Growth of Thin Films<\/em>, 3rd International Congress on Advanced Materials Sciences and Engineering, July 21-24, 2022 Opatija, Croatia. (Invited talk)<\/li>\n\n\n\n<li>Saim Emin, <em>Colloidal nanoparticles for photo(electro)catalytic water splitting studies<\/em>, International Conference on Functional Nanomaterials and Nanodevices (NANOMAT2022), 5-7 September 2022, Bratislava, Slovakia. www.nanomat-conference.com, (regular talk).<\/li>\n\n\n\n<li>Saim Emin*, Takwa Chouki, Manel Machreki,Jelena Topi\u010d, Lorena Butinar, Plamen Stefanov, Erika Jez,Matjaz Valant, Jack Summers, Aaron Fait, Iwona A. Rutkowska, Beata Rytelewsk, Pawel J. Kulesza, Georgi Tyuliev, Moussab Harb, and Luis Miguel Azofra, <em>Sustainable electrocatalytic processes using iron phosphide thin films<\/em> 4<sup>th<\/sup> Global Summit on Catalysis and Chemical Engineering, April 13-14, 2023, Rome, Italy. (Invited talk)<\/li>\n\n\n\n<li>Saim Emin*, Takwa Chouki, and Manel Machreki, <em>Materials for sustainable electrochemical energy conversion<\/em>, International Conference on Materials &amp; Processes for Sustainable Development 2023, May 10-11, 2023, Chenini, Gabes, Tunisia (plenary talk)<\/li>\n\n\n\n<li>Saim Emin*, Manel Machreki, M. Martelanc, L. Butinar, B.M. Vodopivec, Georgi Tyuliev, Du\u0161an \u017digon, Bunsho Ohtani, Takwa Chouki, Alexandre Loukanov, Plamen Stefanov, T<em>he role of oxygen vacancies in metal oxide thin films in the photoelectrocatalytic degradation of organic pollutants, <\/em>International Conference on Functional Nanomaterials and Nanodevices, August 27.- 30, 2023, Warsaw, Poland<\/li>\n\n\n\n<li>Saim Emin*, Takwa Chouki, Manel Machreki, Plamen Stefanov, Iwona A. Rutkowska, Beata Rytelewska, Pawel J. Kulesza, Georgi Tyuliev, Moussab Harb, and Luis Miguel Azofra, <em>Tuning the activity of iron phosphide electrocatalysts for sustainable energy conversion<\/em>, 244<sup>th<\/sup> ECS Meeting, October 9-12, 2023, Gothenburg, Sweden (Invited talk).<\/li>\n\n\n\n<li>Saim Emin, <em>Colloidally Synthesized Inorganic Nanomaterials for Electrocatalytic Hydrogen Generation<\/em>, Green Hydrogen Generation and its Application as a Fuel, 1st HyGen Workshop, University of Salento, Italy, online, April 8-10, 2024 (Invited talk)<\/li>\n\n\n\n<li>Saim Emin, <em>Functional Nanomaterials for Electrochemical Energy Conversion<\/em>, Green Development Forum, April 27-28, 2024, Shenzhen, China (Invited talk).<\/li>\n\n\n\n<li>Takwa Chouki, Manel Machreki, Iwona A. Rutkowska, Beata Rytelewska, Pawel J. Kulesza, Georgi Tyuliev, Moussab Harb, Luis Miguel Azofra, Sreejith P. Nandan, Romana Cerc-Koro\u0161ec, Sai Raj Ali, CS Praveen, Dominik Eder, Alexey Cherevan, Ur\u0161ka Lavren\u010di\u010d \u0160tangarand, and Saim Emin<em>&#8220;Iron phosphide catalysts for electrochemical energy conversion&#8221;<\/em> International Conference on Functional Nanomaterials and Nanodevices, 25-27 August 2024, Vienna, Austria. (Regular talk).<\/li>\n\n\n\n<li>Saim Emin, Manel Machreki, Artem Badasyan, Du\u0161an \u017digon, Georgi Tyuliev, Takwa Chouki, Mitja Martelanc, Lorena Butinar, Branka Mozeti\u010d Vodopivec, Qian Guo, Ana Bel\u00e9n Jorge Sobrido, Stoichko Dimitrov, <em>Application of <\/em><em>a<\/em><em>-Fe<sub>2<\/sub>O<sub>3<\/sub> thin films in photoelectrochemical oxidation studies<\/em>, 8th New Photocatalytic Materials for Environment, Energy and Sustainability (NPM-8), 10-13 March 2025, National Institute of Chemistry, Ljubljana, Slovenia (Invited talk).<\/li>\n<\/ol>\n\n\n\n<hr class=\"wp-block-separator has-alpha-channel-opacity\"\/>\n\n\n\n<figure class=\"wp-block-image size-large is-resized\"><img loading=\"lazy\" decoding=\"async\" width=\"1024\" height=\"768\" src=\"https:\/\/multicat.ung.si\/wp-content\/uploads\/2023\/09\/IMG-20230830-WA0033-1024x768.jpg\" alt=\"\" class=\"wp-image-73\" style=\"aspect-ratio:1.3313953488372092;width:402px;height:auto\" srcset=\"https:\/\/multicat.ung.si\/wp-content\/uploads\/2023\/09\/IMG-20230830-WA0033-1024x768.jpg 1024w, https:\/\/multicat.ung.si\/wp-content\/uploads\/2023\/09\/IMG-20230830-WA0033-300x225.jpg 300w, https:\/\/multicat.ung.si\/wp-content\/uploads\/2023\/09\/IMG-20230830-WA0033-768x576.jpg 768w, https:\/\/multicat.ung.si\/wp-content\/uploads\/2023\/09\/IMG-20230830-WA0033-1536x1152.jpg 1536w, https:\/\/multicat.ung.si\/wp-content\/uploads\/2023\/09\/IMG-20230830-WA0033.jpg 2048w\" sizes=\"auto, (max-width: 1024px) 100vw, 1024px\" \/><figcaption class=\"wp-element-caption\">Picture taken during the International Conference on Functional Nanomaterials and Nanodevices, 27.-30.8.2023, Warsaw, Poland<\/figcaption><\/figure>\n\n\n\n<hr class=\"wp-block-separator has-alpha-channel-opacity\"\/>\n\n\n\n<figure class=\"wp-block-gallery has-nested-images columns-default is-cropped wp-block-gallery-1 is-layout-flex wp-block-gallery-is-layout-flex\">\n<figure class=\"wp-block-image size-large\"><img loading=\"lazy\" decoding=\"async\" width=\"1024\" height=\"459\" data-id=\"97\" src=\"https:\/\/multicat.ung.si\/wp-content\/uploads\/2023\/11\/IMG_20231012_094559-1-1-1024x459.jpg\" alt=\"\" class=\"wp-image-97\" srcset=\"https:\/\/multicat.ung.si\/wp-content\/uploads\/2023\/11\/IMG_20231012_094559-1-1-1024x459.jpg 1024w, https:\/\/multicat.ung.si\/wp-content\/uploads\/2023\/11\/IMG_20231012_094559-1-1-300x134.jpg 300w, https:\/\/multicat.ung.si\/wp-content\/uploads\/2023\/11\/IMG_20231012_094559-1-1-768x344.jpg 768w, https:\/\/multicat.ung.si\/wp-content\/uploads\/2023\/11\/IMG_20231012_094559-1-1-1536x688.jpg 1536w, https:\/\/multicat.ung.si\/wp-content\/uploads\/2023\/11\/IMG_20231012_094559-1-1-2048x918.jpg 2048w\" sizes=\"auto, (max-width: 1024px) 100vw, 1024px\" \/><\/figure>\n\n\n\n<figure class=\"wp-block-image size-large\"><img loading=\"lazy\" decoding=\"async\" width=\"1024\" height=\"459\" data-id=\"96\" src=\"https:\/\/multicat.ung.si\/wp-content\/uploads\/2023\/11\/IMG_20231012_111344-1-1024x459.jpg\" alt=\"\" class=\"wp-image-96\" srcset=\"https:\/\/multicat.ung.si\/wp-content\/uploads\/2023\/11\/IMG_20231012_111344-1-1024x459.jpg 1024w, https:\/\/multicat.ung.si\/wp-content\/uploads\/2023\/11\/IMG_20231012_111344-1-300x134.jpg 300w, https:\/\/multicat.ung.si\/wp-content\/uploads\/2023\/11\/IMG_20231012_111344-1-768x344.jpg 768w, https:\/\/multicat.ung.si\/wp-content\/uploads\/2023\/11\/IMG_20231012_111344-1-1536x688.jpg 1536w, https:\/\/multicat.ung.si\/wp-content\/uploads\/2023\/11\/IMG_20231012_111344-1-2048x918.jpg 2048w\" sizes=\"auto, (max-width: 1024px) 100vw, 1024px\" \/><\/figure>\n<\/figure>\n\n\n\n<p>Consortium member meeting at the 244th ECS Meeting, October 8-12, 2023, Gothenburg, Sweden. Left picture is taken during the session entitled L08 &#8211; Nanostructured Materials Engineering in Electrocatalysis. On the left picture are Prof. S. Emin (left), Prof. I. A. Rutkowska (middle) and Prof. P. Kulesza (right).<\/p>\n\n\n\n<hr class=\"wp-block-separator has-alpha-channel-opacity\"\/>\n\n\n\n<figure class=\"wp-block-image size-large is-resized\"><img loading=\"lazy\" decoding=\"async\" width=\"1024\" height=\"641\" src=\"https:\/\/multicat.ung.si\/wp-content\/uploads\/2025\/04\/LectureStudents-1-1024x641.jpg\" alt=\"\" class=\"wp-image-187\" style=\"width:518px;height:auto\" srcset=\"https:\/\/multicat.ung.si\/wp-content\/uploads\/2025\/04\/LectureStudents-1-1024x641.jpg 1024w, https:\/\/multicat.ung.si\/wp-content\/uploads\/2025\/04\/LectureStudents-1-300x188.jpg 300w, https:\/\/multicat.ung.si\/wp-content\/uploads\/2025\/04\/LectureStudents-1-768x481.jpg 768w, https:\/\/multicat.ung.si\/wp-content\/uploads\/2025\/04\/LectureStudents-1.jpg 1278w\" sizes=\"auto, (max-width: 1024px) 100vw, 1024px\" \/><\/figure>\n\n\n\n<p>A photo captured during a lecture for students enrolled in the Bachelor&#8217;s program in Engineering and Management (First Cycle) at the University of Nova Gorica. The lecture covered the introduction of the MULTICAT project and emphasized the importance of the hydrogen economy.<\/p>\n\n\n\n<hr class=\"wp-block-separator has-alpha-channel-opacity\"\/>\n\n\n\n<figure class=\"wp-block-gallery has-nested-images columns-default is-cropped wp-block-gallery-2 is-layout-flex wp-block-gallery-is-layout-flex\">\n<figure class=\"wp-block-image size-large\"><img loading=\"lazy\" decoding=\"async\" width=\"800\" height=\"600\" data-id=\"201\" src=\"https:\/\/multicat.ung.si\/wp-content\/uploads\/2025\/04\/Picture1-9.jpg\" alt=\"\" class=\"wp-image-201\" srcset=\"https:\/\/multicat.ung.si\/wp-content\/uploads\/2025\/04\/Picture1-9.jpg 800w, https:\/\/multicat.ung.si\/wp-content\/uploads\/2025\/04\/Picture1-9-300x225.jpg 300w, https:\/\/multicat.ung.si\/wp-content\/uploads\/2025\/04\/Picture1-9-768x576.jpg 768w\" sizes=\"auto, (max-width: 800px) 100vw, 800px\" \/><\/figure>\n\n\n\n<figure class=\"wp-block-image size-large\"><img loading=\"lazy\" decoding=\"async\" width=\"1024\" height=\"783\" data-id=\"202\" src=\"https:\/\/multicat.ung.si\/wp-content\/uploads\/2025\/04\/Picture2-8-1024x783.jpg\" alt=\"\" class=\"wp-image-202\" srcset=\"https:\/\/multicat.ung.si\/wp-content\/uploads\/2025\/04\/Picture2-8-1024x783.jpg 1024w, https:\/\/multicat.ung.si\/wp-content\/uploads\/2025\/04\/Picture2-8-300x229.jpg 300w, https:\/\/multicat.ung.si\/wp-content\/uploads\/2025\/04\/Picture2-8-768x587.jpg 768w, https:\/\/multicat.ung.si\/wp-content\/uploads\/2025\/04\/Picture2-8.jpg 1042w\" sizes=\"auto, (max-width: 1024px) 100vw, 1024px\" \/><\/figure>\n<\/figure>\n\n\n\n<p class=\"has-text-align-left\">The project results were presented at the International Conference on Functional Nanomaterials and Nanodevices 2024 (NANOMAT2024), held from August 25-28, 2024, in Vienna, Austria. The conference was organized by the three project partners, showcasing the project&#8217;s achievements. In the photo on the right, from left to right, are Prof. Urska Lavrencic from the University of Ljubljana, Prof. Dominik Eder from TU Wien, Assoc. Prof. Iwona Rutkowska, Prof. Pavel Kulsza from the University of Warsaw, and Assoc. Prof. Saim Emin from the University of Nova Gorica. For more details, visit <a class=\"\">www.nanomat-conference.com<\/a>.<\/p>\n\n\n\n<hr class=\"wp-block-separator has-alpha-channel-opacity\"\/>\n\n\n\n<p><\/p>\n","protected":false},"excerpt":{"rendered":"<p>List of selected conference and seminars Consortium member meeting at the 244th ECS Meeting, October 8-12, 2023, Gothenburg, Sweden. Left picture is taken during the session entitled L08 &#8211; Nanostructured Materials Engineering in Electrocatalysis. On the left picture are Prof. S. Emin (left), Prof. I. A. Rutkowska (middle) and Prof. P. Kulesza (right). A photo [&hellip;]<\/p>\n","protected":false},"author":1,"featured_media":195,"parent":0,"menu_order":0,"comment_status":"closed","ping_status":"closed","template":"","meta":{"footnotes":""},"class_list":["post-30","page","type-page","status-publish","has-post-thumbnail","hentry"],"_links":{"self":[{"href":"https:\/\/multicat.ung.si\/index.php?rest_route=\/wp\/v2\/pages\/30","targetHints":{"allow":["GET"]}}],"collection":[{"href":"https:\/\/multicat.ung.si\/index.php?rest_route=\/wp\/v2\/pages"}],"about":[{"href":"https:\/\/multicat.ung.si\/index.php?rest_route=\/wp\/v2\/types\/page"}],"author":[{"embeddable":true,"href":"https:\/\/multicat.ung.si\/index.php?rest_route=\/wp\/v2\/users\/1"}],"replies":[{"embeddable":true,"href":"https:\/\/multicat.ung.si\/index.php?rest_route=%2Fwp%2Fv2%2Fcomments&post=30"}],"version-history":[{"count":10,"href":"https:\/\/multicat.ung.si\/index.php?rest_route=\/wp\/v2\/pages\/30\/revisions"}],"predecessor-version":[{"id":204,"href":"https:\/\/multicat.ung.si\/index.php?rest_route=\/wp\/v2\/pages\/30\/revisions\/204"}],"wp:featuredmedia":[{"embeddable":true,"href":"https:\/\/multicat.ung.si\/index.php?rest_route=\/wp\/v2\/media\/195"}],"wp:attachment":[{"href":"https:\/\/multicat.ung.si\/index.php?rest_route=%2Fwp%2Fv2%2Fmedia&parent=30"}],"curies":[{"name":"wp","href":"https:\/\/api.w.org\/{rel}","templated":true}]}}